{"id":130,"date":"2014-01-24T19:59:20","date_gmt":"2014-01-24T19:59:20","guid":{"rendered":"http:\/\/www.aponia-dental-center.com\/dentalni-centar\/?page_id=130"},"modified":"2016-02-02T13:54:52","modified_gmt":"2016-02-02T13:54:52","slug":"oralna-higijena","status":"publish","type":"page","link":"https:\/\/www.aponia-dental-center.com\/dentalni-centar\/usluge\/oralna-higijena\/","title":{"rendered":"Oralna higijena"},"content":{"rendered":"<p style=\"text-align: justify;\"><a href=\"https:\/\/www.aponia-dental-center.com\/dentalni-centar\/wp-content\/uploads\/2014\/01\/profi-jet.jpg\"><img loading=\"lazy\" decoding=\"async\" class=\"size-medium wp-image-770 alignleft\" alt=\"profi-jet\" src=\"https:\/\/www.aponia-dental-center.com\/dentalni-centar\/wp-content\/uploads\/2014\/01\/profi-jet-300x113.jpg\" width=\"300\" height=\"113\" srcset=\"https:\/\/www.aponia-dental-center.com\/dentalni-centar\/wp-content\/uploads\/2014\/01\/profi-jet-300x113.jpg 300w, https:\/\/www.aponia-dental-center.com\/dentalni-centar\/wp-content\/uploads\/2014\/01\/profi-jet.jpg 474w\" sizes=\"(max-width: 300px) 100vw, 300px\" \/><\/a>Ose\u0107aj sve\u017eine koji imate nakon profesionalnog \u010di\u0161\u0107enja zuba u ordinaciji \u201eAponija\u201c, potpuno je jedinstven i neuporediv. Da li ste se ikada zapitali za\u0161to ne mo\u017eete da ga postignete sami? Tokom procesa \u010di\u0161\u0107enja zuba, stomatolog \u0107e Vam ispolirati zube ili kori\u0161\u0107enjem konvencionalnog ru\u010dnog instrumenta ili sa Prophy-Jet-om. Prophy-Jet je sistem \u010di\u0161\u0107enja vazduhom pod pritiskom koji kombinuje vodu i sodu-bikarbonu radi uklanjanja fleka i naslaga na zubima, uzrokovanih pu\u0161enjem, konzumiranjem kafe, \u010dajeva, obojenih pi\u0107a itd.<\/p>\n<p style=\"text-align: justify;\">\u010cvrsta naslaga na zubima koja se naziva zubni kamenac, ne mo\u017ee se ukloniti d\u017eetom. Zubni kamenac je u stvari mineralizovan zubni plak, \u010dvrsta lepljiva naslaga na zubima koja, ukoliko se ne ukloni, uzrokuje jo\u0161 ve\u0107e njegovo stvaranje, \u0161to za posledicu ima nastanak parodontopatije.<\/p>\n<p><strong>Pravilno pranje zuba za odrasle<br \/>\n<\/strong><\/p>\n<p><iframe loading=\"lazy\" src=\"\/\/www.youtube.com\/embed\/8lliAMXC0yM\" height=\"315\" width=\"560\" allowfullscreen=\"\" frameborder=\"0\"><\/iframe><\/p>\n<p><strong><strong>Pravilno pranje zuba za decu<br \/>\n<\/strong><\/strong><\/p>\n<p><iframe loading=\"lazy\" src=\"\/\/www.youtube.com\/embed\/Jy8JurvYlH4\" height=\"315\" width=\"560\" allowfullscreen=\"\" frameborder=\"0\"><\/iframe><\/p>\n<p style=\"text-align: justify;\">Zubni kamenac se ukljanja ultrazvu\u010dnim aparatom. U slu\u010dajevima kada postoje duboki parodontalni d\u017eepivi, pored UZ i peskiranja, mora se koristiti i ru\u010dni instrument.<\/p>\n<p style=\"text-align: justify;\">Perite zube dva puta dnevno, ali nemojte zaboraviti svog stomatologa!<\/p>\n<p style=\"text-align: justify;\">Da biste spre\u010dili pojavu zubnog kamenca, morate da elimini\u0161ete njegov uzrok: zubni plak. Ovo su neki saveti od kojih mo\u017eete po\u010deti:<\/p>\n<ul>\n<li style=\"text-align: justify;\">Izbegavajte slatki\u0161e \u2013 zdrava ishrana \u0107e smanjiti stvaranje plaka<\/li>\n<li style=\"text-align: justify;\">Idite redovno na kontrolu- pregled i \u010di\u0161\u0107enje kod zubara ukloni\u0107e zubni kamenac i na taj na\u010din \u0107e Vas bolje pripremiti za oralnu higijenu kod ku\u0107e.<\/li>\n<li style=\"text-align: justify;\">Pose\u0107ujte Va\u0161eg stomatologa barem dva puta godi\u0161nje da biste dr\u017eali pod kontrolom stvaranje zubnog kamenca<\/li>\n<li style=\"text-align: justify;\">Upra\u017enjavajte sjajnu oralnu higijenu \u2013 pitajte Va\u0161eg stomatologa za savete vezane za higijenu usta.<\/li>\n<\/ul>\n<p style=\"text-align: justify;\">Ako dugo niste posetili svog zubara, vreme je da zaka\u017eete pregled. \u0160to du\u017ee odla\u017eete uklanjanje kamenca, Va\u0161 problem sa zubima postaje ozbiljniji!<\/p>\n","protected":false},"excerpt":{"rendered":"<p>Ose\u0107aj sve\u017eine koji imate nakon profesionalnog \u010di\u0161\u0107enja zuba u ordinaciji \u201eAponija\u201c, potpuno je jedinstven i neuporediv. Da li ste se ikada zapitali za\u0161to ne mo\u017eete da ga postignete sami? Tokom procesa \u010di\u0161\u0107enja zuba, stomatolog \u0107e Vam ispolirati zube ili kori\u0161\u0107enjem konvencionalnog ru\u010dnog instrumenta ili sa Prophy-Jet-om. Prophy-Jet je sistem \u010di\u0161\u0107enja vazduhom pod pritiskom koji kombinuje [&hellip;]<\/p>\n","protected":false},"author":1,"featured_media":169,"parent":45,"menu_order":0,"comment_status":"closed","ping_status":"closed","template":"","meta":{"_et_pb_use_builder":"","_et_pb_old_content":"","_et_gb_content_width":"","footnotes":""},"class_list":["post-130","page","type-page","status-publish","has-post-thumbnail","hentry"],"yoast_head":"<!-- This site is optimized with the Yoast SEO plugin v27.3 - https:\/\/yoast.com\/product\/yoast-seo-wordpress\/ -->\n<title>Oralna higijena - Stomatolo\u0161ka ordinacija u Beogradu<\/title>\n<meta name=\"description\" content=\"Pravilna oralna higijena je osnovni preduslov zdravih zuba. Nau\u010dite kako da pravilno i redovno odr\u017eavate higijenu usta i zuba.\u00a0\" \/>\n<meta name=\"robots\" content=\"index, follow, max-snippet:-1, max-image-preview:large, max-video-preview:-1\" \/>\n<link rel=\"canonical\" href=\"https:\/\/www.aponia-dental-center.com\/dentalni-centar\/usluge\/oralna-higijena\/\" \/>\n<meta property=\"og:locale\" content=\"en_US\" \/>\n<meta property=\"og:type\" content=\"article\" \/>\n<meta property=\"og:title\" content=\"Oralna higijena - Stomatolo\u0161ka ordinacija u Beogradu\" \/>\n<meta property=\"og:description\" content=\"Pravilna oralna higijena je osnovni preduslov zdravih zuba. Nau\u010dite kako da pravilno i redovno odr\u017eavate higijenu usta i zuba.\u00a0\" \/>\n<meta property=\"og:url\" content=\"https:\/\/www.aponia-dental-center.com\/dentalni-centar\/usluge\/oralna-higijena\/\" \/>\n<meta property=\"og:site_name\" content=\"Stomatolo\u0161ka ordinacija u Beogradu\" \/>\n<meta property=\"article:modified_time\" content=\"2016-02-02T13:54:52+00:00\" \/>\n<meta property=\"og:image\" content=\"https:\/\/www.aponia-dental-center.com\/dentalni-centar\/wp-content\/uploads\/2014\/01\/cetkice-za-zube.jpg\" \/>\n\t<meta property=\"og:image:width\" content=\"300\" \/>\n\t<meta property=\"og:image:height\" content=\"325\" \/>\n\t<meta property=\"og:image:type\" content=\"image\/jpeg\" \/>\n<meta name=\"twitter:card\" content=\"summary_large_image\" \/>\n<meta name=\"twitter:site\" content=\"@Aponia_Belgrade\" \/>\n<meta name=\"twitter:label1\" content=\"Est. reading time\" \/>\n\t<meta name=\"twitter:data1\" content=\"1 minute\" \/>\n<script type=\"application\/ld+json\" class=\"yoast-schema-graph\">{\"@context\":\"https:\\\/\\\/schema.org\",\"@graph\":[{\"@type\":\"WebPage\",\"@id\":\"https:\\\/\\\/www.aponia-dental-center.com\\\/dentalni-centar\\\/usluge\\\/oralna-higijena\\\/\",\"url\":\"https:\\\/\\\/www.aponia-dental-center.com\\\/dentalni-centar\\\/usluge\\\/oralna-higijena\\\/\",\"name\":\"Oralna higijena - Stomatolo\u0161ka ordinacija u Beogradu\",\"isPartOf\":{\"@id\":\"https:\\\/\\\/www.aponia-dental-center.com\\\/dentalni-centar\\\/#website\"},\"primaryImageOfPage\":{\"@id\":\"https:\\\/\\\/www.aponia-dental-center.com\\\/dentalni-centar\\\/usluge\\\/oralna-higijena\\\/#primaryimage\"},\"image\":{\"@id\":\"https:\\\/\\\/www.aponia-dental-center.com\\\/dentalni-centar\\\/usluge\\\/oralna-higijena\\\/#primaryimage\"},\"thumbnailUrl\":\"https:\\\/\\\/www.aponia-dental-center.com\\\/dentalni-centar\\\/wp-content\\\/uploads\\\/2014\\\/01\\\/cetkice-za-zube.jpg\",\"datePublished\":\"2014-01-24T19:59:20+00:00\",\"dateModified\":\"2016-02-02T13:54:52+00:00\",\"description\":\"Pravilna oralna higijena je osnovni preduslov zdravih zuba. Nau\u010dite kako da pravilno i redovno odr\u017eavate higijenu usta i zuba.\u00a0\",\"breadcrumb\":{\"@id\":\"https:\\\/\\\/www.aponia-dental-center.com\\\/dentalni-centar\\\/usluge\\\/oralna-higijena\\\/#breadcrumb\"},\"inLanguage\":\"en-US\",\"potentialAction\":[{\"@type\":\"ReadAction\",\"target\":[\"https:\\\/\\\/www.aponia-dental-center.com\\\/dentalni-centar\\\/usluge\\\/oralna-higijena\\\/\"]}]},{\"@type\":\"ImageObject\",\"inLanguage\":\"en-US\",\"@id\":\"https:\\\/\\\/www.aponia-dental-center.com\\\/dentalni-centar\\\/usluge\\\/oralna-higijena\\\/#primaryimage\",\"url\":\"https:\\\/\\\/www.aponia-dental-center.com\\\/dentalni-centar\\\/wp-content\\\/uploads\\\/2014\\\/01\\\/cetkice-za-zube.jpg\",\"contentUrl\":\"https:\\\/\\\/www.aponia-dental-center.com\\\/dentalni-centar\\\/wp-content\\\/uploads\\\/2014\\\/01\\\/cetkice-za-zube.jpg\",\"width\":300,\"height\":325},{\"@type\":\"BreadcrumbList\",\"@id\":\"https:\\\/\\\/www.aponia-dental-center.com\\\/dentalni-centar\\\/usluge\\\/oralna-higijena\\\/#breadcrumb\",\"itemListElement\":[{\"@type\":\"ListItem\",\"position\":1,\"name\":\"Naslovna\",\"item\":\"https:\\\/\\\/www.aponia-dental-center.com\\\/dentalni-centar\\\/\"},{\"@type\":\"ListItem\",\"position\":2,\"name\":\"Usluge\",\"item\":\"https:\\\/\\\/www.aponia-dental-center.com\\\/dentalni-centar\\\/usluge\\\/\"},{\"@type\":\"ListItem\",\"position\":3,\"name\":\"Oralna higijena\"}]},{\"@type\":\"WebSite\",\"@id\":\"https:\\\/\\\/www.aponia-dental-center.com\\\/dentalni-centar\\\/#website\",\"url\":\"https:\\\/\\\/www.aponia-dental-center.com\\\/dentalni-centar\\\/\",\"name\":\"Stomatolo\u0161ka ordinacija u Beogradu\",\"description\":\"Harmonija estetike i zdravlja\",\"potentialAction\":[{\"@type\":\"SearchAction\",\"target\":{\"@type\":\"EntryPoint\",\"urlTemplate\":\"https:\\\/\\\/www.aponia-dental-center.com\\\/dentalni-centar\\\/?s={search_term_string}\"},\"query-input\":{\"@type\":\"PropertyValueSpecification\",\"valueRequired\":true,\"valueName\":\"search_term_string\"}}],\"inLanguage\":\"en-US\"}]}<\/script>\n<!-- \/ Yoast SEO plugin. -->","yoast_head_json":{"title":"Oralna higijena - Stomatolo\u0161ka ordinacija u Beogradu","description":"Pravilna oralna higijena je osnovni preduslov zdravih zuba. Nau\u010dite kako da pravilno i redovno odr\u017eavate higijenu usta i zuba.\u00a0","robots":{"index":"index","follow":"follow","max-snippet":"max-snippet:-1","max-image-preview":"max-image-preview:large","max-video-preview":"max-video-preview:-1"},"canonical":"https:\/\/www.aponia-dental-center.com\/dentalni-centar\/usluge\/oralna-higijena\/","og_locale":"en_US","og_type":"article","og_title":"Oralna higijena - Stomatolo\u0161ka ordinacija u Beogradu","og_description":"Pravilna oralna higijena je osnovni preduslov zdravih zuba. Nau\u010dite kako da pravilno i redovno odr\u017eavate higijenu usta i zuba.\u00a0","og_url":"https:\/\/www.aponia-dental-center.com\/dentalni-centar\/usluge\/oralna-higijena\/","og_site_name":"Stomatolo\u0161ka ordinacija u Beogradu","article_modified_time":"2016-02-02T13:54:52+00:00","og_image":[{"width":300,"height":325,"url":"https:\/\/www.aponia-dental-center.com\/dentalni-centar\/wp-content\/uploads\/2014\/01\/cetkice-za-zube.jpg","type":"image\/jpeg"}],"twitter_card":"summary_large_image","twitter_site":"@Aponia_Belgrade","twitter_misc":{"Est. reading time":"1 minute"},"schema":{"@context":"https:\/\/schema.org","@graph":[{"@type":"WebPage","@id":"https:\/\/www.aponia-dental-center.com\/dentalni-centar\/usluge\/oralna-higijena\/","url":"https:\/\/www.aponia-dental-center.com\/dentalni-centar\/usluge\/oralna-higijena\/","name":"Oralna higijena - Stomatolo\u0161ka ordinacija u Beogradu","isPartOf":{"@id":"https:\/\/www.aponia-dental-center.com\/dentalni-centar\/#website"},"primaryImageOfPage":{"@id":"https:\/\/www.aponia-dental-center.com\/dentalni-centar\/usluge\/oralna-higijena\/#primaryimage"},"image":{"@id":"https:\/\/www.aponia-dental-center.com\/dentalni-centar\/usluge\/oralna-higijena\/#primaryimage"},"thumbnailUrl":"https:\/\/www.aponia-dental-center.com\/dentalni-centar\/wp-content\/uploads\/2014\/01\/cetkice-za-zube.jpg","datePublished":"2014-01-24T19:59:20+00:00","dateModified":"2016-02-02T13:54:52+00:00","description":"Pravilna oralna higijena je osnovni preduslov zdravih zuba. Nau\u010dite kako da pravilno i redovno odr\u017eavate higijenu usta i zuba.\u00a0","breadcrumb":{"@id":"https:\/\/www.aponia-dental-center.com\/dentalni-centar\/usluge\/oralna-higijena\/#breadcrumb"},"inLanguage":"en-US","potentialAction":[{"@type":"ReadAction","target":["https:\/\/www.aponia-dental-center.com\/dentalni-centar\/usluge\/oralna-higijena\/"]}]},{"@type":"ImageObject","inLanguage":"en-US","@id":"https:\/\/www.aponia-dental-center.com\/dentalni-centar\/usluge\/oralna-higijena\/#primaryimage","url":"https:\/\/www.aponia-dental-center.com\/dentalni-centar\/wp-content\/uploads\/2014\/01\/cetkice-za-zube.jpg","contentUrl":"https:\/\/www.aponia-dental-center.com\/dentalni-centar\/wp-content\/uploads\/2014\/01\/cetkice-za-zube.jpg","width":300,"height":325},{"@type":"BreadcrumbList","@id":"https:\/\/www.aponia-dental-center.com\/dentalni-centar\/usluge\/oralna-higijena\/#breadcrumb","itemListElement":[{"@type":"ListItem","position":1,"name":"Naslovna","item":"https:\/\/www.aponia-dental-center.com\/dentalni-centar\/"},{"@type":"ListItem","position":2,"name":"Usluge","item":"https:\/\/www.aponia-dental-center.com\/dentalni-centar\/usluge\/"},{"@type":"ListItem","position":3,"name":"Oralna higijena"}]},{"@type":"WebSite","@id":"https:\/\/www.aponia-dental-center.com\/dentalni-centar\/#website","url":"https:\/\/www.aponia-dental-center.com\/dentalni-centar\/","name":"Stomatolo\u0161ka ordinacija u Beogradu","description":"Harmonija estetike i zdravlja","potentialAction":[{"@type":"SearchAction","target":{"@type":"EntryPoint","urlTemplate":"https:\/\/www.aponia-dental-center.com\/dentalni-centar\/?s={search_term_string}"},"query-input":{"@type":"PropertyValueSpecification","valueRequired":true,"valueName":"search_term_string"}}],"inLanguage":"en-US"}]}},"_links":{"self":[{"href":"https:\/\/www.aponia-dental-center.com\/dentalni-centar\/wp-json\/wp\/v2\/pages\/130","targetHints":{"allow":["GET"]}}],"collection":[{"href":"https:\/\/www.aponia-dental-center.com\/dentalni-centar\/wp-json\/wp\/v2\/pages"}],"about":[{"href":"https:\/\/www.aponia-dental-center.com\/dentalni-centar\/wp-json\/wp\/v2\/types\/page"}],"author":[{"embeddable":true,"href":"https:\/\/www.aponia-dental-center.com\/dentalni-centar\/wp-json\/wp\/v2\/users\/1"}],"replies":[{"embeddable":true,"href":"https:\/\/www.aponia-dental-center.com\/dentalni-centar\/wp-json\/wp\/v2\/comments?post=130"}],"version-history":[{"count":20,"href":"https:\/\/www.aponia-dental-center.com\/dentalni-centar\/wp-json\/wp\/v2\/pages\/130\/revisions"}],"predecessor-version":[{"id":1060,"href":"https:\/\/www.aponia-dental-center.com\/dentalni-centar\/wp-json\/wp\/v2\/pages\/130\/revisions\/1060"}],"up":[{"embeddable":true,"href":"https:\/\/www.aponia-dental-center.com\/dentalni-centar\/wp-json\/wp\/v2\/pages\/45"}],"wp:featuredmedia":[{"embeddable":true,"href":"https:\/\/www.aponia-dental-center.com\/dentalni-centar\/wp-json\/wp\/v2\/media\/169"}],"wp:attachment":[{"href":"https:\/\/www.aponia-dental-center.com\/dentalni-centar\/wp-json\/wp\/v2\/media?parent=130"}],"curies":[{"name":"wp","href":"https:\/\/api.w.org\/{rel}","templated":true}]}}